+ -12. Let l be f(z). Let i = -3227 - -3237. What is the highest common factor of l and i?
10
Let n(s) = 74*s + 1092. Let t be n(-13). Calculate the highest common factor of t and 25.
5
Let f(z) = 2*z - 18. Let s be f(14). Let n(h) = -h**2 + 13*h + 4. Let a be n(s). Suppose -a*v + 1305 = -29*v. What is the greatest common divisor of v and 29?
29
Let w = -2217 - -2232. Calculate the highest common factor of w and 495.
15
Suppose 2*w + 5*q + 971 = 0, 0 = -5*w + q - 0*q - 2387. Let l = w + 830. Calculate the highest common divisor of l and 44.
44
Let y be 1 - ((-12)/(-54) + 20/(-9)). Let m(x) = 2 - 13*x + 39*x + y. Let b be m(1). What is the greatest common factor of b and 155?
31
Suppose -2*v - 9 + 15 = 0, 3*v = 3*u - 156. Suppose -6 = -2*b - 20. Let g be (-1)/b + 34/7. What is the highest common divisor of g and u?
5
Suppose 0 = -153*z + 156*z. Suppose z = -5*s + 2*r + 62, 11 = -5*r + 31. Calculate the greatest common factor of s and 574.
14
Suppose 180 + 383 = -20*w + 3963. What is the highest common divisor of w and 6562?
34
Let l(h) = h**3 - 15*h**2 + 31*h - 1. Let d be l(9). Let n = d - -312. Calculate the greatest common divisor of 2 and n.
2
Let q = 1059 + -1011. Let n = -217 + 144. Let p = -37 - n. Calculate the greatest common divisor of p and q.
12
Let n be 2/5 - 1406/(-10). Suppose 2*j = -6*d + 9*d + 99, 0 = d - 2*j + 37. Let p = n + d. Calculate the highest common divisor of 44 and p.
22
Let d = 102 - 112. Let i(g) = -2*g**3 - 16*g**2 - 15*g - 22. Let f be i(d). Calculate the highest common factor of 66 and f.
66
Let a = -2914 + 3974. Calculate the greatest common divisor of 20 and a.
20
Let s = 1936 + -1926. What is the highest common divisor of s and 8210?
10
Suppose -276*p = -282*p - 984. Let n be 9/(6 - p/(-28)). Calculate the greatest common factor of n and 14.
7
Let q be 14/(-63)*-3 + 94/(-6). Let d be (-6)/3*q/2. Let s(n) = -23*n + 5. Let t be s(-5). Calculate the greatest common divisor of d and t.
15
Let l = -40179 + 40216. What is the greatest common factor of l and 259?
37
Suppose -349 = 3*h + f - 1839, -4*h - 4*f = -2000. Let m be 3*-10*(-3)/2. Calculate the greatest common factor of h and m.
45
Let v = 147 - 168. Let o(g) = -g**3 - 7*g**2 + 2*g - 8. Let d be o(-9). Let m be 14/v - d/(-6). Calculate the greatest common divisor of 2 and m.
2
Let m(u) be the third derivative of -95*u**4/24 - 13*u**3/2 + 140*u**2. Let c be m(-1). Calculate the greatest common divisor of c and 42.
14
Suppose 6823*i - 5412 = 6801*i. Calculate the greatest common divisor of 15129 and i.
123
Let i(q) = 7*q + 63. Let w be i(-9). Let u(j) = 2*j - 25 + 13 + w - 6. Let h be u(10). Calculate the highest common divisor of 2 and h.
2
Let v be (1*(5 - 5))/(-1). Suppose h + 3 - 8 = v. Suppose 0 = -h*p - 5*w + 290, 0*p = -3*p + 2*w + 154. Calculate the highest common factor of 135 and p.
27
Let j(y) = -4*y**3 + 22*y**2 + 32*y - 196. Let h be j(5). Calculate the greatest common factor of h and 41342.
14
Let d be ((-10292)/6)/(748/(-1122)). Calculate the greatest common factor of 31 and d.
31
Let k(d) = -263*d - 2564. Let r be k(-31). Calculate the highest common factor of 135 and r.
27
Suppose -2729 + 83 = -7*r. Suppose 9*x + 165 = 8*x. Let w be (-30)/x - 460/(-11). Calculate the highest common factor of r and w.
42
Let z be 18/1170*44837 + (3 - (-57)/(-15)). Let s = 140 - 87. What is the greatest common divisor of z and s?
53
Let i be -10916*1/(-10) + 6/15. Suppose i = 28*v - 7*v. What is the greatest common divisor of 182 and v?
26
Suppose -13*z + 2777 = -1071. Suppose 2*i + z = 1402. Calculate the greatest common factor of 79 and i.
79
Let t = 141818 - 141800. Suppose 0*n = 3*n - 6. Suppose n*f - 4*f = -12. Calculate the highest common factor of f and t.
6
Let p be 1454/58 + (-26 - 25568/(-986)). Suppose 5*y - 3*y = 110. What is the highest common divisor of p and y?
5
Let q(u) = 84*u - 346. Let n be q(5). Suppose 2*k - z = -0*z + 71, 9 = 3*z. What is the highest common factor of k and n?
37
Let k(m) = 30*m**3 + 4*m**2 - 21*m + 46. Let u be k(4). What is the greatest common factor of u and 14?
14
Suppose 268 = -8*f - 692. Let a be (0 - -35)/(f/(-48)). Calculate the greatest common factor of a and 28.
14
Suppose 5*m = -2*z + 20201 - 2005, 0 = -5*m + 30. What is the greatest common divisor of 31 and z?
31
Let r = 2 + 42. Suppose -9*x + 8*x = 5*h - 209, -h + 2*x = -r. Calculate the greatest common divisor of 78 and h.
6
Suppose -2*w + 0*w + 22 = 0. Suppose -389*p + 185*p + 196*p + 704 = 0. What is the greatest common divisor of w and p?
11
Let n = 402 + -232. Let d be 33 - (n/(-102) - 1/3). What is the greatest common factor of 385 and d?
35
Suppose -2*u + 3*p = -120, 47 = -3*u + 3*p + 230. Let r = 134 - u. Calculate the greatest common factor of 497 and r.
71
Suppose 0 = -4*i + 3*s - 0*s + 22, 5*i - 26 = 3*s. Suppose 0 = -17*b + 18*b + i. Let w be ((-1)/b)/((-9)/(-36)). What is the highest common factor of w and 8?
1
Let r be 27*((-30)/(-18) - 0). What is the highest common divisor of r and 870?
15
Let w be 2/6*3*(4 + -203). Let q = w + 82. Let n = q - -183. Calculate the greatest common factor of n and 88.
22
Let j = 173 + -175. Let k be 5*(j/21 - (-13739)/1155). What is the highest common factor of 472 and k?
59
Suppose -13*c - 260 = 130. Let q be 196/105 + (-4)/c. What is the greatest common factor of q and 13?
1
Let j be (8 - 1) + (6 - (-20)/(-2)). Suppose j*v - 1667 = 4*i, v + 5*i - 8*i = 549. What is the greatest common factor of v and 33?
33
Let f be (-86)/(-4*(-4)/8). Let k = f - -153. Let g = k + -88. What is the highest common factor of 55 and g?
11
Let w = 16501 + -16416. Calculate the greatest common factor of w and 323.
17
Let z(s) = -s**3 - 7*s**2 - 36*s - 84. Let m be z(-4). Calculate the greatest common factor of 9486 and m.
6
Let c(s) = 825*s**2 - s + 3. Let i be c(1). Calculate the greatest common divisor of i and 1.
1
Let y = 482 + -145. Let r = 579 - y. What is the highest common divisor of 44 and r?
22
Suppose -3*g - 3*y = -237, 0 = g + 5*y - 84 + 5. Calculate the highest common divisor of 553 and g.
79
Let s = -10819 - -11055. What is the greatest common divisor of s and 3481?
59
Suppose 58 - 393 = -5*a - 5*n, 265 = 4*a + n. What is the highest common divisor of 1100 and a?
22
Let i(y) = 137*y**3 - 2*y**2 + 1. Let o be i(1). Let x(r) = -6*r**2 - 140*r + 198. Let n be x(-24). Calculate the greatest common divisor of n and o.
34
Suppose 3*w = 3*p + 8*w - 1402, 0 = -p - w + 464. Calculate the highest common factor of p and 36.
9
Suppose 2*l = -j - 283, 4*j + 1141 = -0*j - 5*l. Let m = 154 + j. Let i be -2*(-73)/9 - (-30)/m. Calculate the greatest common factor of 48 and i.
16
Let i = 14829 - -1267. Calculate the highest common factor of i and 64.
32
Let b = 125 - 131. Let f be b/(-2) - 3/(-1). Calculate the greatest common divisor of f and 9.
3
Let i be (1/3)/(3/171). Let n(j) = -j**3 - 3*j**2 - 35*j - 23. Let t be n(-4). Calculate the highest common factor of t and i.
19
Suppose 192 = 5*u - 3*t - 99, -5*u + 277 = 4*t. What is the greatest common factor of 2907 and u?
57
Suppose -142*s + 1662111 + 573537 = 0. Calculate the greatest common divisor of 123 and s.
123
Let i be 48/(-9)*1155/(-20). Suppose -2*h = i - 322. What is the highest common divisor of 1 and h?
1
Suppose -48 = -4*l - 3*b, 22*b = -4*l + 20*b + 52. Calculate the highest common factor of l and 2880.
15
Let l = -243 + 203. Let f be 344/l + 8 + 834/15. What is the highest common divisor of 99 and f?
11
Let d be 9 + (262509/7 - 48/168). Calculate the highest common divisor of 62 and d.
62
Let c = 22 - 16. Suppose 0 = -m + 7*m + c. Let x(l) = -5*l - 1. Let q be x(m). What is the greatest common divisor of 40 and q?
4
Let y(w) = 11*w - 2. Let b = 194 - 190. Let q be y(b). Calculate the highest common factor of q and 154.
14
Let z(a) = -a**3 - 30*a**2 - 29*a + 53. Let s be z(-29). Suppose 3*b - 323 = -s. What is the greatest common divisor of b and 45?
45
Let m(x) = 7*x**2 - 524*x - 2113. Let v be m(-4). What is the greatest common divisor of 41705 and v?
95
Let v(l) = 26*l**2 - 84*l - 48. Let x be v(7). Calculate the greatest common divisor of 406 and x.
58
Let t be ((7 - 10)*3)/(-1). What is the highest common factor of t and 1152?
9
Let k be -522*(-117)/27 - (-1 - (1 + 